017?
21017
What are the prime factors of 1678?
2, 839
List the prime factors of 41651.
41651
What are the prime factors of 947?
947
List the prime factors of 51529.
227
What are the prime factors of 2288?
2, 11, 13
What are the prime factors of 9232?
2, 577
What are the prime factors of 81249?
3, 7, 53, 73
What are the prime factors of 32192?
2, 503
What are the prime factors of 6549?
3, 37, 59
What are the prime factors of 478?
2, 239
List the prime factors of 605.
5, 11
List the prime factors of 4739.
7, 677
What are the prime factors of 1507?
11, 137
What are the prime factors of 52014?
2, 3, 8669
What are the prime factors of 1257?
3, 419
What are the prime factors of 8432?
2, 17, 31
What are the prime factors of 6800?
2, 5, 17
List the prime factors of 21642.
2, 3, 3607
List the prime factors of 7919.
7919
What are the prime factors of 945?
3, 5, 7
What are the prime factors of 16888?
2, 2111
List the prime factors of 174711.
3, 58237
List the prime factors of 5205.
3, 5, 347
List the prime factors of 947.
947
List the prime factors of 78006.
2, 3, 13001
What are the prime factors of 1032?
2, 3, 43
List the prime factors of 65653.
7, 83, 113
What are the prime factors of 4935?
3, 5, 7, 47
What are the prime factors of 1993?
1993
List the prime factors of 1924.
2, 13, 37
What are the prime factors of 759?
3, 11, 23
List the prime factors of 21176.
2, 2647
What are the prime factors of 5924?
2, 1481
List the prime factors of 1105.
5, 13, 17
List the prime factors of 1007.
19, 53
What are the prime factors of 1015?
5, 7, 29
What are the prime factors of 29456?
2, 7, 263
What are the prime factors of 3259?
3259
List the prime factors of 29849.
19, 1571
List the prime factors of 30568.
2, 3821
What are the prime factors of 358?
2, 179
List the prime factors of 94649.
94649
What are the prime factors of 1738?
2, 11, 79
List the prime factors of 32243.
19, 1697
List the prime factors of 9156.
2, 3, 7, 109
What are the prime factors of 3850?
2, 5, 7, 11
What are the prime factors of 41638?
2, 109, 191
List the prime factors of 84.
2, 3, 7
List the prime factors of 904.
2, 113
List the prime factors of 9891.
3, 7, 157
List the prime factors of 26926.
2, 13463
List the prime factors of 54630.
2, 3, 5, 607
What are the prime factors of 7278?
2, 3, 1213
What are the prime factors of 54000?
2, 3, 5
What are the prime factors of 44768?
2, 1399
List the prime factors of 24240.
2, 3, 5, 101
List the prime factors of 3728.
2, 233
What are the prime factors of 1706?
2, 853
List the prime factors of 11606.
2, 7, 829
List the prime factors of 3958.
2, 1979
What are the prime factors of 23959?
13, 19, 97
List the prime factors of 5345.
5, 1069
List the prime factors of 100962.
2, 3, 71, 79
List the prime factors of 212.
2, 53
What are the prime factors of 125010?
2, 3, 5, 463
What are the prime factors of 27972?
2, 3, 7, 37
What are the prime factors of 593?
593
List the prime factors of 184.
2, 23
List the prime factors of 22747.
23, 43
What are the prime factors of 204?
2, 3, 17
What are the prime factors of 700?
2, 5, 7
What are the prime factors of 608?
2, 19
List the prime factors of 1715.
5, 7
List the prime factors of 1264.
2, 79
List the prime factors of 640.
2, 5
What are the prime factors of 548?
2, 137
What are the prime factors of 21335?
5, 17, 251
List the prime factors of 159633.
3, 17737
List the prime factors of 4323.
3, 11, 131
List the prime factors of 13670.
2, 5, 1367
What are the prime factors of 73?
73
List the prime factors of 2044.
2, 7, 73
List the prime factors of 2937.
3, 11, 89
List the prime factors of 5913.
3, 73
List the prime factors of 44520.
2, 3, 5, 7, 53
List the prime factors of 15464.
2, 1933
What are the prime factors of 2051?
7, 293
What are the prime factors of 2396?
2, 599
List the prime factors of 939.
3, 313
What are the prime factors of 72340?
2, 5, 3617
List the prime factors of 14078.
2, 7039
List the prime factors of 2136.
2, 3, 89
List the prime factors of 2709.
3, 7, 43
List the prime factors of 33.
3, 11
What are the prime factors of 34793?
11, 3163
List the prime factors of 186.
2, 3, 31
What are the prime factors of 365?
5, 73
List the prime factors of 33350.
2, 5, 23, 29
What are the prime factors of 42798?
2, 3, 7, 1019
What are the prime factors of 28214?
2, 14107
What are the prime factors of 1515?
3, 5, 101
List the prime factors of 5.
5
List the prime factors of 122446.
2, 61223
What are the prime factors of 16226?
2, 7, 19, 61
List the prime factors of 4370.
2, 5, 19, 23
List the prime factors of 2103.
3, 701
List the prime factors of 26127.
3, 2903
What are the prime factors of 1701?
3, 7
List the prime factors of 2381.
2381
What are the prime factors of 117753?
3, 39251
List the prime factors of 82097.
53, 1549
List the prime factors of 54450.
2, 3, 5, 11
What are the prime factors of 19951?
71, 281
What are the prime factors of 3133?
13, 241
List the prime factors of 33705.
3, 5, 7, 107
What are the prime factors of 2141?
2141
What are the prime factors of 15654?
2, 3, 2609
What are the prime factors of 44200?
2, 5, 13, 17
What are the prime factors of 3238?
2, 1619
What are the prime factors of 1473?
3, 491
What are the prime factors of 1135?
5, 227
List the prime factors of 48221.
48221
List the prime factors of 103764.
2, 3, 8647
What are the prime factors of 8890?
2, 5, 7, 127
List the prime factors of 79687.
79687
List the prime factors of 3341.
13, 257
What are the prime factors of 79437?
3, 26479
List the prime factors of 36013.
36013
List the prime factors of 2211.
3, 11, 67
List the prime factors of 1002.
2, 3, 167
What are the prime factors of 6408?
2, 3, 89
What are the prime factors of 4062?
2, 3, 677
What are the prime factors of 4223?
41, 103
List the prime factors of 31009.
11, 2819
What are the prime factors of 54?
2, 3
What are the prime factors of 30262?
2, 15131
What are the prime factors of 172?
2, 43
What are the prime factors of 6358?
2, 11, 17
What are the prime factors of 6054?
2, 3, 1009
List the prime factors of 14391.
3, 13, 41
List the prime factors of 55208.
2, 67, 103
List the prime factors of 3395.
5, 7, 97
What are the prime factors of 10506?
2, 3, 17, 103
List the prime factors of 34382.
2, 17191
List the prime factors of 9155.
5, 1831
What are the prime factors of 5843?
5843
What are the prime factors of 14775?
3, 5, 197
List the prime factors of 173783.
173783
List the prime factors of 27361.
27361
List the prime factors of 119564.
2, 71, 421
List the prime factors of 177.
3, 59
What are the prime factors of 6848?
2, 107
What are the prime factors of 16591?
47, 353
List the prime factors of 2553.
3, 23, 37
List the prime factors of 2914.
2, 31, 47
List the prime factors of 2950.
2, 5, 59
List the prime factors of 58493.
29, 2017
What are the prime factors of 9875?
5, 79
What are the prime factors of 4474?
2, 2237
List the prime factors of 697.
17, 41
What are the prime factors of 4458?
2, 3, 743
List the prime factors of 79759.
47, 1697
What are the prime factors of 42338?
2, 21169
What are the prime factors of 13614?
2, 3, 2269
What are the prime factors of 23589?
3, 2621
List the prime factors of 2989.
7, 61
What are the prime factors of 4327?
4327
What are the prime factors of 4726?
2, 17, 139
List the prime factors of 4166.
2, 2083
What are the prime factors of 34539?
3, 29, 397
What are the prime factors of 2427?
3, 809
What are the prime factors of 2682?
2, 3, 149
What are the prime factors of 2771?
17, 163
What are the prime factors of 2783?
11, 23
List the prime factors of 49591.
101, 491
What are the prime factors of 31344?
2, 3, 653
List the prime factors of 1586.
2, 13, 61
List the prime factors of 9395.
5, 1879
What are the prime factors of 511?
7, 73
List the prime factors of 101059.
7, 14437
What are the prime factors of 11196?
2, 3, 311
List the prime factors of 12136.
2, 37, 41
What are the prime factors of 27743?
27743
List the prime factors of 98046.
2, 3, 13, 419
List the prime factors of 3099.
3, 1033
What are the prime factors of 2343?
3, 11, 71
List the prime factors of 3467.
3467
List the prime factors of 34864.
2, 2179
List the prime factors of 1132.
2, 283
What are the prime factors of 213?
3, 71
What are the prime factors of 12238?
